= -4*r - 50, -r = 2*c - 205. List the prime factors of r.
5, 43
Suppose 4*h = 3*h + 17. What are the prime factors of h?
17
Let s(r) = r. Let u be s(6). List the prime factors of (-4)/6 - (-64)/u.
2, 5
Let r = 34 + -21. List the prime factors of r.
13
Suppose 36 = -2*m - 0*m. What are the prime factors of ((-18)/(-5))/(m/(-60))?
2, 3
Let a be 3*((-5)/3 + 2). Let p = a + -1. Suppose -4*y + 2*y - k + 10 = p, 2*y + 3*k = 18. List the prime factors of y.
3
Let u(g) = -g**3 - 4*g**2 + 7*g + 6. Let h = 8 + -13. Let s be u(h). List the prime factors of (2 + 0 + -3)*s.
2
Suppose -4*z = a + 25, 2*z - 103 = 2*a + 3*a. Let y = -7 - a. What are the prime factors of y?
2, 7
Suppose 5*v = -5*k + 35, 9 + 0 = 3*k - v. Let c(q) = -2 + 4*q - 3*q + q. List the prime factors of c(k).
2, 3
List the prime factors of ((-732)/(-6))/(-1 - -3).
61
Let o(a) = 7*a - 2*a**2 + 2*a**2 - a**2 - 6. Let t be (1/2 - (-36)/8)/1. What are the prime factors of o(t)?
2
Suppose -9*r + 146 = -169. What are the prime factors of r?
5, 7
Let i = 7 + -2. Suppose 5*l - 4 - 10 = -n, i*n = 4*l + 12. List the prime factors of l.
2
Let l = 21 - -22. List the prime factors of l.
43
Let o(z) = 3*z**2 + z - 1. Let j be o(1). Suppose -3*a - j*w + 66 = 0, -103 = a - 6*a + 2*w. List the prime factors of a.
3, 7
Let s = 0 - -5. Suppose -3 = m + s*a, -5*a - 6 = -1. List the prime factors of m.
2
Let b be 0*(4 + 20/(-4)). Suppose y + 3*y - 188 = b. What are the prime factors of y?
47
Let v(g) = -18*g + 1. List the prime factors of v(-1).
19
Suppose 4*z + w + 0 = 8, -2*z + 4 = 2*w. Suppose d - 5*y = -d - 19, -10 = -z*y. What are the prime factors of d?
3
Let p be 2/(((-8)/(-2))/(-220)). What are the prime factors of 4/(-24)*3*p?
5, 11
Let c(j) = 2*j - 10. Let k be c(7). Let l be (k + 0)*(-3)/6. Let f = 0 - l. List the prime factors of f.
2
Suppose 9*v - 49 = 4*v + 2*h, -5*v + h + 52 = 0. List the prime factors of v.
11
Suppose 5*s - 2040 = 5*c, 98 = 3*c + 2*s + 1332. What are the prime factors of c/(-25) + 2/(-5)?
2
Let n = 4 - -3. What are the prime factors of n?
7
Suppose -5*i + 189 + 141 = 0. List the prime factors of i.
2, 3, 11
Suppose 0 = 3*v - 474 + 51. What are the prime factors of v?
3, 47
Suppose g - 3*g = 5*q - 236, -5*g = -3*q + 154. What are the prime factors of q?
2, 3
List the prime factors of 2416/20 - ((-4)/5)/4.
11
Let g = 709 - 374. What are the prime factors of g?
5, 67
Let c = 44 - -59. List the prime factors of c.
103
Let x(i) = 11*i - 1. Let n be x(1). Suppose 5*u + 4*r = 27, -4*r = 4*u - 10 - 14. List the prime factors of 3/((u/n)/1).
2, 5
List the prime factors of -2 + 12/5 + (-3795)/(-75).
3, 17
Let w be -4 + 2/(-1) + 2. Let t(q) = 2*q**2 + 5*q - 2. What are the prime factors of t(w)?
2, 5
Let k be (-120)/(-66) + 2/11. Let s(q) = 1 + 0 - 1 - 2 + k*q**3. What are the prime factors of s(2)?
2, 7
Suppose 2*h + 0*h = 3*m + 86, 2*h - 106 = -2*m. What are the prime factors of h?
7
What are the prime factors of 1*(-806)/(-14) - 6/(-14)?
2, 29
Suppose -6 = -3*o - 4*y, -4*o + 5*y = -2 - 6. Let n(b) = b**3 - b**2 + b. Let c be n(o). What are the prime factors of ((-10)/c)/(-5)*21?
7
What are the prime factors of (-91)/(-2) - (-3)/(-2)?
2, 11
Suppose 2*q + 2*v = 16, -5*q + 4*v - 2*v = -5. What are the prime factors of q?
3
Suppose 2*v - v = 0. Suppose -4*z + 126 - 24 = -t, v = 5*t + 10. List the prime factors of z.
5
Let s be -1 - (3 - (1 + 1)). List the prime factors of (1 - (-2)/s) + 7.
7
Suppose 3*b = -2*z + 113, -3*z + 0*z = b - 26. List the prime factors of b.
41
Let g be -9*(3 - (-22)/(-6)). Let q = g + 23. What are the prime factors of q?
29
Suppose -4*t + 40 = t. Suppose -t - 7 = -5*i. Suppose -2*g = -i*l + 5, -2*g - 3*g + l = -20. What are the prime factors of g?
5
Suppose -2*d - 278 = -5*r, 4*d = 3*r - 67 - 97. Suppose 0 = -5*i + 5*z + 60, -5*i - 14 = z - r. List the prime factors of i.
3
Suppose 0 = 5*r - 8 - 7. Suppose i - r = 4. List the prime factors of i.
7
Suppose 3*a = 2*c - 4*c - 15, 3*a = -15. Let j be -1*(-2 + c - -3). Let z = 9 + j. What are the prime factors of z?
2
Suppose i - 2*w = 40, 120 = i + 2*i - 2*w. Suppose i = 4*q - 24. List the prime factors of q.
2
Let c be 6/(-9) - (-17)/3. Suppose -4*f = -c - 3. List the prime factors of f.
2
Suppose -5*m + 4*v = -160, -5*m + 52 = v - 83. List the prime factors of m.
2, 7
Let c(n) = n**3 - 11*n**2 + 12*n. Let a be c(9). Let z = 88 + a. List the prime factors of z.
2, 17
Let r = 16 + -8. Let y(v) = -v**2 + 11*v - 8. List the prime factors of y(r).
2
Suppose 4*z - 2*y - 608 = -y, -5*y = -5*z + 775. Suppose 0 = -5*h + 4*p + z, 0*p = h - p - 31. What are the prime factors of h?
3
Suppose -2*d + 4*m = -41 - 157, 2*d - 189 = m. List the prime factors of d.
3, 31
Let a be ((-20)/(-15))/((-4)/(-414)). List the prime factors of a/4 - (-2)/(-4).
2, 17
Let b be (0 + 14/(-8))*-4. Suppose b*j = 3*j + 24. What are the prime factors of j?
2, 3
Let c = 53 + -49. List the prime factors of c.
2
List the prime factors of (-2)/5 + (10 - 347/(-5)).
79
Let h(l) = l**2 - 3. Suppose k + 0*k = -3*x + 6, 3*x - 9 = -2*k. What are the prime factors of h(k)?
2, 3
Suppose 7*l - 2*l + 3*c - 45 = 0, 11 = l + c. Let j be ((-6)/(-9))/(4/l). Let q(k) = 8*k. What are the prime factors of q(j)?
2
Suppose -l + 3*c - 3 = 0, l - 2*c = 5 - 4. What are the prime factors of l?
3
Suppose 4*g + 2*t + 3*t = -4, -4 = t. Suppose g*i + 3 = 31. What are the prime factors of i?
7
Suppose -c - 5 = 0, -3*u + 5*u - c - 31 = 0. Suppose -2*v + u + 73 = -2*l, -46 = -v + 4*l. List the prime factors of v.
2, 3, 7
Suppose 7*o - 10*o + 108 = 0. List the prime factors of o.
2, 3
Let c = 5 + 4. List the prime factors of (7*1)/(c/18).
2, 7
Suppose a = -5*s + 11, -5*a - 6*s + 5*s + 55 = 0. List the prime factors of a.
11
Suppose 5*n = -3*r + 11, 3*n - r + 0 = 1. Let f(c) = 7*c**2 - c. List the prime factors of f(n).
2, 3
Suppose 6*u - 60 = 3*u. List the prime factors of u.
2, 5
Suppose 670 = 6*q + 82. What are the prime factors of q?
2, 7
Let q(p) = 3*p**2 - 2. List the prime factors of q(2).
2, 5
Let h(t) be the first derivative of t**6/360 + t**5/40 + t**4/4 - 4*t**3/3 + 4. Let g(w) be the third derivative of h(w). What are the prime factors of g(-5)?
2
Let f(b) = -b**3 - 6*b**2 + 2*b + 5. Let t be f(-7). Suppose 2*j + t = 7*j. List the prime factors of j.
2
Let a be 12/(-7)*(6 + 1). Let d = a + 20. List the prime factors of 4/d + (-14)/(-4).
2
Let y(d) = 82*d**3 + 2*d**2 - 1. What are the prime factors of y(1)?
83
Let o = -8 - -11. Let f(b) = -b**2 + 10*b - 9. Let p(t) = t**2 - 10*t + 9. Let s(g) = o*p(g) + 4*f(g). What are the prime factors of s(7)?
2, 3
Let s = 3 - 4. Let a(b) = 7*b**2 - b + b + b. List the prime factors of a(s).
2, 3
Suppose -3*g - 2*g - 150 = 0. Let b be 1/(1 + 27/g). Let o(j) = 2*j - 10. What are the prime factors of o(b)?
2, 5
Suppose 3*m + 35 - 323 = 0. What are the prime factors of m?
2, 3
Let d be (1 - 3)*(-2 + 1). Let x(u) = -u**2 - 6*u + 7. Let o be x(-5). What are the prime factors of (d - o)*(-8)/10?
2
Let q be -1*(0 - -1)*9. Let f = q - -17. What are the prime factors of f?
2
Let b = 3 - -3. Suppose -b = -c + 1. Let m(d) = d**3 - 6*d**2 - 6*d. What are the prime factors of m(c)?
7
Suppose -14*w + 17*w = 327. List the prime factors of w.
109
Let u(w) = w**2 - 3*w + 1. Suppose 2*z + 3 = 1. Let l(c) = c. Let v(a) = z*u(a) + 5*l(a). What are the prime factors of v(5)?
2, 7
Let f be -2 - (-15)/(3 + 0). Suppose 1 = f*w + 4. What are the prime factors of (-86)/(-6) - w/(-3)?
2, 7
Let d = -41 - -92. List the prime factors of d.
3, 17
Suppose 3*z + 3*v = 21, 12 = -0*z - 4*z + 4*v. Suppose -z*p + 3 + 7 = 0. What are the prime factors of p?
5
Suppose g = d + 205, -4*d = -8*g + 5*g + 620. List the prime factors of g.
2, 5
Let q = 101 + -71. Suppose -7*n = -4*n - q. List the prime factors of n.
2, 5
Let i(t) = t - 4*t + 4*t**2 - 5*t**2 - 5. Let a be i(-4). List the prime factors of (-46)/(-4) + a/6.
2, 5
Let k be (-30)/7 - 12/(-42). Let t = k - -19. List the prime factors of t.
3, 5
Let s = -41 + 28. Let h(r) = r**2 + 10*r - 12. List the prime factors of h(s).
3
List the prime factors of (1 - 2)/1 + 46.
3, 5
Let r(s) = -3*s**2 + 4*s - 3. Let q be r(3). Let z be ((-6)/q)/((-2)/(-114)). Suppose -g + 8 = m, -3*m + g - z = -5*m. What are the prime factors of m?